 of 2235749.
19, 117671
List the prime factors of 1850754.
2, 3, 173, 1783
List the prime factors of 15971129.
15971129
What are the prime factors of 87056?
2, 5441
What are the prime factors of 3952993?
11, 17, 21139
List the prime factors of 974113.
7, 31, 67
List the prime factors of 835366.
2, 7, 59669
List the prime factors of 1615112.
2, 201889
What are the prime factors of 52305?
3, 5, 11, 317
List the prime factors of 715144.
2, 89393
What are the prime factors of 4761969?
3, 1587323
List the prime factors of 33748.
2, 11, 13, 59
What are the prime factors of 11920315?
5, 11, 17, 19, 61
List the prime factors of 1088947.
19, 37, 1549
List the prime factors of 1326725.
5, 53069
What are the prime factors of 1713528?
2, 3, 7933
What are the prime factors of 1130911?
31, 191
List the prime factors of 50014.
2, 17, 1471
What are the prime factors of 492739?
13, 29, 1307
What are the prime factors of 2356388?
2, 251, 2347
List the prime factors of 47416.
2, 5927
What are the prime factors of 2997431?
89, 33679
List the prime factors of 440641.
440641
List the prime factors of 27148.
2, 11, 617
List the prime factors of 386963.
386963
What are the prime factors of 12059129?
19, 67, 9473
List the prime factors of 109504.
2, 29, 59
What are the prime factors of 424330?
2, 5, 42433
List the prime factors of 1041039.
3, 38557
What are the prime factors of 580973?
43, 59, 229
What are the prime factors of 66968?
2, 11, 761
List the prime factors of 8337391.
41, 203351
List the prime factors of 222743.
353, 631
List the prime factors of 1191586.
2, 11, 54163
What are the prime factors of 3295769?
61, 97, 557
What are the prime factors of 2294444?
2, 37, 419
What are the prime factors of 2554622?
2, 7, 182473
List the prime factors of 4559085.
3, 5, 11257
What are the prime factors of 18747161?
18747161
List the prime factors of 97474.
2, 13, 23, 163
List the prime factors of 13412820.
2, 3, 5, 223547
List the prime factors of 32816015.
5, 6563203
What are the prime factors of 485613?
3, 79, 683
List the prime factors of 3515918.
2, 7, 23, 61, 179
What are the prime factors of 1479828?
2, 3, 7, 79, 223
What are the prime factors of 77441?
7, 13, 23, 37
What are the prime factors of 850547?
31, 27437
List the prime factors of 151394.
2, 59, 1283
List the prime factors of 1897534.
2, 948767
What are the prime factors of 1763485?
5, 19, 977
What are the prime factors of 1435660?
2, 5, 23, 3121
List the prime factors of 409108.
2, 7, 19, 769
List the prime factors of 42956.
2, 10739
List the prime factors of 2146122.
2, 3, 11, 3613
What are the prime factors of 18690502?
2, 1187, 7873
List the prime factors of 585088.
2, 7, 653
What are the prime factors of 259263?
3, 28807
What are the prime factors of 350833?
7, 50119
List the prime factors of 13574.
2, 11, 617
List the prime factors of 12227636.
2, 181, 16889
What are the prime factors of 764745?
3, 5, 17, 2999
List the prime factors of 6834542.
2, 11, 13, 23, 1039
List the prime factors of 530522.
2, 265261
List the prime factors of 71318.
2, 13, 211
What are the prime factors of 609931?
7, 87133
List the prime factors of 238905.
3, 5, 5309
What are the prime factors of 690036?
2, 3, 57503
List the prime factors of 269421.
3, 31, 2897
List the prime factors of 5056675.
5, 13, 15559
List the prime factors of 2306871.
3, 7, 5231
What are the prime factors of 285447?
3, 17, 29, 193
List the prime factors of 143716.
2, 19, 31, 61
What are the prime factors of 6466?
2, 53, 61
List the prime factors of 80598.
2, 3, 7, 19, 101
List the prime factors of 7843502.
2, 61, 239, 269
What are the prime factors of 20288994?
2, 3, 11, 307409
List the prime factors of 1108286.
2, 73, 7591
List the prime factors of 7380715.
5, 149, 9907
What are the prime factors of 3015532?
2, 13, 57991
What are the prime factors of 19602?
2, 3, 11
List the prime factors of 110933.
110933
What are the prime factors of 3360119?
7, 480017
What are the prime factors of 678377?
7, 96911
What are the prime factors of 213915?
3, 5, 13, 1097
List the prime factors of 7806684.
2, 3, 29, 22433
List the prime factors of 39277.
7, 31, 181
List the prime factors of 9674711.
9674711
What are the prime factors of 449163?
3, 11, 13, 349
What are the prime factors of 2178833?
83, 26251
What are the prime factors of 6280279?
19, 43, 7687
List the prime factors of 4872636.
2, 3, 557
What are the prime factors of 11541468?
2, 3, 961789
What are the prime factors of 1082242?
2, 7, 23, 3361
List the prime factors of 1043497.
7, 13, 11467
What are the prime factors of 1421478?
2, 3, 157, 503
What are the prime factors of 24847307?
19, 1307753
List the prime factors of 1087354.
2, 17, 31981
List the prime factors of 3291263.
43, 76541
What are the prime factors of 14296129?
653, 21893
What are the prime factors of 1988979?
3, 331, 2003
What are the prime factors of 190316?
2, 7, 971
List the prime factors of 11404832.
2, 47, 7583
What are the prime factors of 198258?
2, 3, 173, 191
What are the prime factors of 60219?
3, 6691
What are the prime factors of 253211?
7, 61, 593
List the prime factors of 958.
2, 479
List the prime factors of 366247.
7, 52321
What are the prime factors of 17843838?
2, 3, 83, 35831
List the prime factors of 7782.
2, 3, 1297
List the prime factors of 1856209.
577, 3217
List the prime factors of 18149748.
2, 3, 1512479
What are the prime factors of 3484406?
2, 257, 6779
What are the prime factors of 343380?
2, 3, 5, 59, 97
What are the prime factors of 3857175?
3, 5, 7, 31, 79
List the prime factors of 490763.
7, 13, 5393
What are the prime factors of 2217064?
2, 431, 643
What are the prime factors of 581305?
5, 19, 29, 211
List the prime factors of 67120.
2, 5, 839
What are the prime factors of 3775685?
5, 755137
List the prime factors of 130268.
2, 29, 1123
List the prime factors of 822858.
2, 3, 137143
List the prime factors of 200091.
3, 66697
What are the prime factors of 1373849?
1373849
What are the prime factors of 118918?
2, 37, 1607
What are the prime factors of 312050?
2, 5, 79
List the prime factors of 2748183.
3, 916061
List the prime factors of 235992.
2, 3, 9833
List the prime factors of 333087.
3, 111029
What are the prime factors of 4375075?
5, 175003
What are the prime factors of 990435?
3, 5, 66029
What are the prime factors of 505864?
2, 37, 1709
What are the prime factors of 17952?
2, 3, 11, 17
What are the prime factors of 215980?
2, 5, 10799
What are the prime factors of 274517?
274517
What are the prime factors of 435996?
2, 3, 11, 367
List the prime factors of 9297033.
3, 3099011
What are the prime factors of 530625?
3, 5, 283
List the prime factors of 9305528.
2, 17, 53, 1291
What are the prime factors of 1109480?
2, 5, 27737
What are the prime factors of 436998?
2, 3, 173, 421
List the prime factors of 1234393.
1234393
What are the prime factors of 20351310?
2, 3, 5, 7, 96911
What are the prime factors of 1467071?
191, 7681
What are the prime factors of 339312?
2, 3, 7069
List the prime factors of 292367.
292367
List the prime factors of 4665136.
2, 7, 23, 1811
What are the prime factors of 221485?
5, 11, 4027
List the prime factors of 1103751.
3, 11, 11149
List the prime factors of 6967378.
2, 11, 316699
List the prime factors of 145429.
23, 6323
What are the prime factors of 2036089?
11, 185099
What are the prime factors of 3954090?
2, 3, 5, 7, 19, 991
List the prime factors of 25157972.
2, 7, 47, 2731
List the prime factors of 2284418.
2, 43, 101, 263
What are the prime factors of 196760?
2, 5, 4919
What are the prime factors of 782833?
17, 46049
What are the prime factors of 419991?
3, 11, 13, 89
List the prime factors of 3823370.
2, 5, 19, 20123
List the prime factors of 246702.
2, 3, 41117
What are the prime factors of 1693571?
11, 29, 5309
List the prime factors of 283953.
3, 94651
What are the prime factors of 10362283?
937, 11059
List the prime factors of 1596818.
2, 798409
List the prime factors of 382922.
2, 191461
What are the prime factors of 1826639?
1826639
List the prime factors of 660623.
59, 11197
List the prime factors of 767761.
767761
What are the prime factors of 112632?
2, 3, 13, 19
List the prime factors of 3492759.
3, 1164253
List the prime factors of 6308960.
2, 5, 7, 43, 